(-4)/(-72)). Suppose 2*m + m = -w. List the prime factors of r(m).
2, 3, 7
Let a(v) be the second derivative of -v**4/12 + 5*v**3/2 - 3*v**2/2 - v. Let c(p) be the first derivative of a(p). List the prime factors of c(-12).
3, 13
Let y(i) = -23*i - 3*i**2 + 40*i + 3 - 18*i - 9*i**3. What are the prime factors of y(-2)?
5, 13
Suppose -3*v - v = -280. Suppose -5*o - 11 = -2*n, -6*n = -3*n - 5*o - 14. Suppose 3*m = 5*r + 138, -n*r + v = 2*m + r. What are the prime factors of m?
41
Suppose 3 + 1 = -2*s. Let n be ((-37)/(-4))/(s/(-8)). Suppose -3*b + 81 = 3*w, 0 = -2*w + w + b + n. What are the prime factors of w?
2
Suppose -p + 18 = 3*m, -6*p + 5 = 4*m - 11*p. Suppose m*f = 2*n + 1015, 4*f - 5*n - 840 = -9*n. List the prime factors of f.
5, 41
Let d(s) = 13*s**2 + 7. Let i be d(4). Suppose 73 + 81 = 4*x - 2*c, 5*x + 2*c - i = 0. List the prime factors of x.
41
Let m(x) = x**2 - 3*x + 9. Let f be m(7). Suppose f = 3*n + 1. List the prime factors of n.
2, 3
Let o(c) = -398*c**3 + 2*c**2 - 2*c - 3. List the prime factors of o(-1).
3, 7, 19
Suppose 1422 = 87*z - 85*z. List the prime factors of z.
3, 79
Suppose -4*p + 25 = -p - 4*k, 0 = -4*p + 2*k + 20. Suppose -p*x = 4*x - 273. List the prime factors of x.
3, 13
Let d(k) = 2 + 3*k**2 + k**3 - 4*k**3 - 3. What are the prime factors of d(-2)?
5, 7
Let h be 18*((-9)/2)/(-9). Let x = h + 44. What are the prime factors of x?
53
Suppose 141 = -17*l + 20*l. Let d = -16 + l. List the prime factors of d.
31
Suppose 11 = 3*l - 46. Suppose -h - 4 = 0, -x + 5*h - h = -l. What are the prime factors of x?
3
Let p(d) = d**3 + 9*d**2 + 4*d - 4. Let g be 21/(-4) + (-9)/12. What are the prime factors of p(g)?
2, 5
Suppose -4*z = z. Suppose z = 2*i + 2*i - 5*w - 13, 3*i - 3*w - 12 = 0. Let u = i - 2. List the prime factors of u.
5
Let x = -31 - -37. Suppose -x*a + 4*a = 0. Suppose 0 = -a*w + 3*w - 45. What are the prime factors of w?
3, 5
Let n(v) = v**2 + v - 4. Let j be n(-3). Let h be ((-1)/j)/((-14)/308). Let b(c) = c**3 - 9*c**2 - 16*c - 4. List the prime factors of b(h).
2, 31
Let f = 1106 - 769. List the prime factors of f.
337
Suppose 6*w = -2*w + 3168. List the prime factors of w.
2, 3, 11
Suppose -122 = -5*o - 3*b + 175, -2*o = -5*b - 94. Let z = o + -17. What are the prime factors of z?
2, 5
Suppose 125 = 12*b - 703. List the prime factors of b.
3, 23
Suppose -21*d = -20*d + t - 1617, -6*d = -2*t - 9686. List the prime factors of d.
5, 17, 19
Suppose 3*b - 2*x = 3173 - 446, 0 = -4*b - 4*x + 3616. What are the prime factors of b?
907
Suppose 3*l = -5*p + p + 286, 5*p - 346 = 2*l. Suppose -2*o + 98 = -f, 0 = -3*o + 3*f - p + 220. What are the prime factors of o?
2, 3
Let m = -1 + 4. Suppose -m = -4*p + 9. Suppose -p*o = -0*o - 90. What are the prime factors of o?
2, 3, 5
Let f(o) = 7*o**3 + 19*o**2 + 19*o. Let n(c) = c**3 + c**2 + 1. Let y(d) = f(d) - 6*n(d). List the prime factors of y(-6).
2, 3, 11
Let v(z) = 3*z - 1. Let x be v(1). Suppose -2*w = x*w - 396. Suppose m = 4*m - w. List the prime factors of m.
3, 11
Let d(r) = -r**2 + 6*r - 8. Let f be d(7). Let b be (-459)/f - (-6)/(-10). Suppose a + 3*c = -6, 3*a - b = 3*c - 0*c. List the prime factors of a.
2, 3
Let n = -31 + 30. What are the prime factors of n/5 - 48/(-15)?
3
Let u(w) = w**2 + 11*w + 6. Let s be u(-8). What are the prime factors of 6/27 - 86/s?
5
Suppose o - 2 = 0, -o = -3*b + 3*o + 4. Suppose -b*t + 7 = -21. Suppose -2*h + t = -h. What are the prime factors of h?
7
Let q be 4 + (-3837)/21 - 4/14. Let w = q + 340. List the prime factors of w.
7, 23
Let p(z) = z**2 - 6*z - 3. Let d be p(9). Let a = 59 - d. What are the prime factors of a?
5, 7
Let z be 3*(-446)/(-6) + -4. Let c = z - -1. Suppose -x + c = 4*x. List the prime factors of x.
2, 11
Let x(r) be the third derivative of r**4/24 + 13*r**3/3 + 24*r**2. Let p(l) = l - 5. Let y be p(5). List the prime factors of x(y).
2, 13
Suppose 0 = 3*m - h - 4, -24 = -4*m + 4*h - 8. Suppose -4*x - 44 = -m*x. Let k = 9 - x. What are the prime factors of k?
2, 5
What are the prime factors of 9/(-1 - (-462)/453)?
3, 151
Let p = 3 + -2. Suppose 0 = 3*m - 5 - p. What are the prime factors of -72*m/(-3) + -2?
2, 23
Suppose -2*u = u - 120. Suppose -4*k = 4*a - 4, 2*k - 5*a + 17 = u. Suppose k = m, 4*d + 0*m = 3*m + 36. What are the prime factors of d?
2, 3
Let h be 26*2*2/(-4). Let f be 4 + (-5*15 - 1). Let c = h - f. What are the prime factors of c?
2, 23
Suppose i = 6*i + 2*m - 6548, -1300 = -i + 2*m. What are the prime factors of i?
2, 3, 109
Let a(d) = d**2 - 35*d + 176. Let h be a(29). Suppose -195 = -5*k + 10. Suppose -h = -i + k. List the prime factors of i.
43
Suppose -5*w + 4 = d, d + 3 = -2*d. Let b(l) = 197*l**2 + 5*l - 2. What are the prime factors of b(w)?
2, 5
Suppose -14*a + b = -16*a + 1077, 0 = -3*a + 5*b + 1609. What are the prime factors of a?
2, 269
Suppose 5*u = 1 + 4. Suppose 0 = -5*d + u + 19. Suppose d*i - 26 = 2*a, -5*a = -3*i - 7 + 30. What are the prime factors of i?
2, 3
Let u = -847 + 1394. What are the prime factors of u?
547
Let n = 4555 + -441. What are the prime factors of n?
2, 11, 17
Suppose 2*s = -5*p + 718, -2*s - p + 343 = -375. Suppose -3*a - 363 = -4*q, a - s = -4*q - 0*a. What are the prime factors of q?
2, 3, 5
Let p(o) = 82*o + 14. List the prime factors of p(4).
2, 3, 19
Let z = -11 + 0. Let l(b) = 3*b**2 + 22*b + 12. What are the prime factors of l(z)?
7, 19
Let m be (-12)/4 + -1 - -4. Suppose m = -5*y + 208 + 37. List the prime factors of y.
7
Let c = -1926 - -2812. What are the prime factors of c?
2, 443
Suppose 4*p = p - r - 24, -5*r - 8 = -p. Let w be (-6)/(-2) + (-119)/p. List the prime factors of 6/(-15) - (-468)/w.
23
Let v = 2 + -6. Let r be v/8 - 3/(-6). Suppose r = 2*f + 2*f - 32. What are the prime factors of f?
2
Let k = 25 + -36. List the prime factors of ((-440)/66)/(-1 - k/12).
2, 5
Suppose 4*a - 12 = -4*u, 3*u = -5*a - 8 + 27. Suppose -a*x - 480 = -0*x. What are the prime factors of ((-12)/9)/(4/x)?
2
What are the prime factors of ((-374200)/(-1500))/((-4)/(-30))?
1871
Let y = -135 - -189. Suppose -50*p = -y*p + 28. What are the prime factors of p?
7
Suppose -48 = 19*r - 23*r. Suppose 0 = -m - 5, 39 = -2*u - 6*m + m. Let i = r - u. List the prime factors of i.
19
Suppose 36 = -2*p + 40. Suppose -3*c + c = -4*i - 352, p*c - 348 = 2*i. What are the prime factors of c?
2, 43
Suppose 0*l + 3*l = 6. Suppose -3*h + 2*r + 282 = 0, -l*r - 378 = -4*h - 0*r. What are the prime factors of h?
2, 3
List the prime factors of 114/(-33) + 4 + (-161896)/(-44).
2, 5, 23
Let m(w) = -w**3 - 3*w**2 - 11*w + 2. Let y be m(-8). Let n = y - 207. List the prime factors of n.
7, 29
Let i(m) be the first derivative of m**3/3 - 9*m**2/2 + 14*m - 3. What are the prime factors of i(9)?
2, 7
What are the prime factors of (-454440)/(-91) - 10/(-65)?
2, 11, 227
Let o = 99 - -391. What are the prime factors of o?
2, 5, 7
Let d(q) = -q**3 + 7*q**2 - q + 9. Let j(a) = -a**2 + 12*a + 17. Let i be j(13). List the prime factors of d(i).
53
What are the prime factors of 6337/4*(-108)/(-27)?
6337
Let z(q) = q**3 - 9*q**2 + q - 11. Suppose 2*c - 20 = 6*c, 0 = 4*r + 2*c - 26. Let h be z(r). List the prime factors of (h + (-1 - -13))/2.
5
Suppose -3*j + 8*j - 35 = -3*w, -3*j + 27 = 3*w. Let y(u) = -u**3 + 6*u**2 - 5*u. Let r(p) = -p. Let h(f) = -3*r(f) + y(f). List the prime factors of h(w).
3, 5
Suppose -16*m + 10 = -21*m. List the prime factors of 0 - (m - (15 + -1)).
2
Suppose b = -4*b + 20. Suppose 5*r = b*r + 11. Let k(m) = 6*m - 16. List the prime factors of k(r).
2, 5
Let m be (6 - 1) + 3 + 2. Let q = -4 + m. Let l(g) = 3*g - 5. List the prime factors of l(q).
13
What are the prime factors of -124*(-7)/56*(228 - -2)?
5, 23, 31
List the prime factors of 5/(-5 + 10) + (-1 - -1493).
1493
Let o(m) = m**3 + 6*m**2 + 4*m. Let g be o(-3). Suppose -5*y = -5*z - g, 3*y - 2*z = -0*z + 7. Suppose 2*j - 49 = -y. List the prime factors of j.
2, 3
Suppose 20*g = 24*g + 80. Let i(k) = -17*k + 4. Let z be i(-3). Let j = z + g. What are the prime factors of j?
5, 7
Suppose 0*t - 3*t = 6. Let w(o) = 41 - 5*o - 6*o - 39. What are the prime factors of w(t)?
2, 3
Let i(f) = -f**2 + 3*f + 2. Let k be 3 + 2 + (-2 - 0). Let l be i(k). Suppose -3*j + l*j = 5, -3*w = j - 70. What are the prime factors of